?
-46
-21 + (-32 - (19 - 17)) - (-3 + 2 + -9)
-45
((9 - 22) + 20 - 12) + -19 + -2
-26
What is the value of -1 - (22 + -10 + -19 - 11)?
17
Evaluate 18 - ((0 - (6 + 8)) + 22).
10
52 - (16 + (-36 - -35) + 2)
35
What is the value of -21 + 0 + 68 + -17 + 0 + -72?
-42
Evaluate (-23 - (0 - 33)) + 7.
17
Calculate 2 + -5 + (-50 - -77 - 24) - 27.
-27
What is 100 + -81 - (-16 - -70)?
-35
-1 + -8 + (-27 - -37 - 46)
-45
What is the value of 44 + -86 + -6 + 90?
42
-43 + (-47 - 6) + (42 - 22)
-76
What is the value of -8 + 49 + 21 + -100?
-38
Calculate 3 - (-4 + -8 + (53 - 40) - (14 - -2)).
18
-140 + 129 + 15 + 5
9
Calculate -12 + (-1085 + 1077 - (1 + 32)).
-53
What is (-20 - (9 + (-13 - 21))) + (19 + 0 - -3)?
27
What is the value of (0 - 7) + (-132 - -165)?
26
Evaluate 36 + -76 + -6 + 26.
-20
(64 - 74) + 0 + -13 + -10
-33
What is the value of 31 + (-5 - (-35 - 2)) + 13?
76
What is the value of 15 + (-6 + 2 + -10 + 11 - 10)?
2
Evaluate -27 - (77 - 69 - -9).
-44
Evaluate (62 - 23) + (-90 - -144).
93
Calculate 26 - (1 + -5 - 1 - (-3777 + 3764)).
18
What is the value of (-3 - -132 - (-27 - -55)) + -10 + -4?
87
-29 - -8 - ((187 - 188) + -2 + -6)
-12
What is the value of (21 - (-10 - -15) - 8) + -49?
-41
Calculate (-47 - -10 - ((30 - 23) + -23)) + -52.
-73
Evaluate -13 - 0 - (-53 + -3 + -15 + 26 + 0).
32
What is the value of -77 + 36 + 2 - (-125 + 14)?
72
(6 - 5) + 2 - 13 - (-78 - -42)
26
What is (-24 - -3) + 305 + -273 - (-1 - -70)?
-58
What is the value of 52 + -45 + -2 + 0 + -63 + -2?
-60
What is the value of -3 + (-88 - -213 - 62)?
60
What is the value of (-2 - (33 - -7)) + (3 - -1 - 0)?
-38
What is the value of 87 - (32 + -3 - (8 - -7))?
73
Calculate -7 + 6 + -44 + 5 + 4 + -8 + 7.
-37
What is the value of -1065 + 1040 + (7 - 4) + -8?
-30
What is -3 + -23 + -1 + 9 + 19 + -9?
-8
Calculate (-15 - 29) + 45 - (-11 + -51).
63
Calculate 45 + -12 + -35 + -24.
-26
-760 + 773 - (2 - 4 - 5)
20
What is -44 + (5 + -3 - 1) - (412 + -416)?
-39
18028 + -18019 + 1 + 54
64
What is 4 + 5 - (-155 + 163)?
1
-13 + (11 + -10 - -36 - ((4 - 10) + -4))
34
What is the value of -150 + 179 - (81 - 21)?
-31
What is the value of -309 - -113 - -111 - -73?
-12
207 + (-248 - -34) + 2 + 1 + -1 + 65
60
What is the value of 18 + (-167 - -192) + 8 + -4 + -13?
34
Evaluate -43 + (-108 - -44 - (-46 - -13)).
-74
Evaluate (-1 - -46) + (-11 + -1 - -7) + 2.
42
Evaluate -248 - (-38 + 60 + -172).
-98
What is 55 + -145 - -24 - -27?
-39
What is 107 + (81 - 241) + 92?
39
What is the value of (-9 + 0 - -6) + -26 - -11?
-18
Evaluate (-173 - 24 - -45) + 1 + 25.
-126
Calculate -4545 + 4626 + (-11 - -2).
72
Evaluate -14 + (-130 - -132) + (-7 - (-3 + (-2 - -4))).
-18
Evaluate 20 + -11 + -12 + 24 + -17.
4
What is the value of (-14 - (18 + -44)) + -6 + -20 + -2?
-16
What is 20 - (62 + -26) - 31?
-47
Calculate (-2 - -46) + (6 - (1 + (-5 - -1))).
53
Evaluate -2341 + 2335 + 1 + -8 + 5 + (12 - -1).
5
What is the value of 12 + -15 + -34 - -33?
-4
What is 18 - (-35 + 41 - 23)?
35
Evaluate -26 - (23 + -117 - (-2 - -32)).
98
Evaluate -9 + (-31 - -1) + (-273 - -270).
-42
What is -14 + 41 + -38 + 153?
142
What is the value of 13 + -14 + 7 + 6 - (-12 + 0)?
24
What is 40 - (-28 - (19 - 6 - 44))?
37
Calculate 17 + 4 + 3 + -606 + 625.
43
37 + (10 - (-13 + -7)) + -3
64
Calculate -33 - -30 - (-3 - 6) - (0 - -7).
-1
Evaluate 13 + (-7 - -5) + (28 - 85).
-46
What is 74 + -117 + (25 - -1)?
-17
Evaluate -10 + 20 + (6 + 1 - 12 - (5 - 12)).
12
Calculate 38 + (14 - 4 - 1) + (-17 - -21).
51
Calculate 49 - (-3 + 18 + 14).
20
(1020 - 952) + 3 + -53
18
What is the value of -7 - -2 - (13 + -29) - (5 + (-61 - 4))?
71
-49 + 107 - 6 - 50 - (-52 + -2)
56
(35 - (-8 - 18)) + 0 + 9 + (-2 - -1)
69
Evaluate -14 - (50 - 68 - (-66 + 2)).
-60
What is the value of -1 + 133 - (10 - -27) - (-2 - 11)?
108
Evaluate -67 - (-10 - (14 - (0 + 27)) - 16).
-54
(-21 + -5 - 0) + (-14 + 31 - 12)
-21
What is the value of (-25 - 1) + 61 + (132 - 150)?
17
What is the value of -2 + -2 + (150 - (74 + 42))?
30
What is (1 - -8) + 3 + -62 + (4 - (-35 - -22))?
-33
Evaluate (-7 - (-123 + 85)) + -76.
-45
What is the value of -1 + 7 + (41 - 32) - (-15 + 25)?
5
-14 + (71 - -29) + -55
31
What is 0 + 68 - (-149 + (48 - -84))?
85
What is -9 + 25 + 11 - ((17 - 16) + -16)?
42
Evaluate (-14 - 19 - -13) + 29.
9
What is the value of (29 - 9) + 285 + -319?
-14
What is (-37 - (4 + (-45 - -24))) + 129?
109
34 - 1 - (-333 - -319)
47
What is -10 + (9 - ((-9 - 15) + 12 - -117)) + 4?
-102
What is the value of 270 - 279 - (1 + -4 - 17)?
11
-19 + 17 - -38 - 53
-17
What is -11 - (14 + (-98 - -15) + 57 + (10 - 1))?
-8
What is the value of (-70 - (-5 - 0)) + (9 - (22 + (4 - 20)))?
-62
What is the value of -18 - -3 - ((10 - (-16 + 20)) + -2)?
-19
Evaluate 4 - (0 + 4) - (2 - -3) - (60 + -111).
46
Evaluate -139 + -2 + (-245 - -264) + 13.
-109
What is the value of -22 - -38 - 45 - (-6 - (5 + -3))?
-21
Calculate 77 + -37 + 34 + 1 + 7.
82
What is the value of -5 + 3 + 10 + -42 + 33 - -12?
11
6 + 2 + 0 + (79 - (142 + 0))
-55
What is -57 + (134 - 199) - -95?
-27
(-9 + (16 - -5) - 27) + -3 - (3 + 0)
-21
Calculate 62 + (4 - (-10 - 2) - 8) + -5.
65
-14 + -138 + 30 + 189
67
(50 - (1 + 22) - 18) + 3 + -10 + -3
-1
What is 64 - (-96 + 65 - -42)?
53
Evaluate -30 + -22 + (4 - -7).
-41
What is (-4 - 1 - -15) + 10 + -4 + -6 - 64?
-54
(20 - (-16 - -20)) + -9 + (-114 - -2) - 11
-116
What is the value of 1 + -3 - ((16 - -1) + -10 + 7)?
-16
What is -14 + 10 + -2 + -8 + 24 + 59?
69
-9 + (-3 + 2 - -14) + -100 + -12
-108
(-10 - -1 - 3) + 8 + (-32 - (-37 + 24))
-23
What is -187 + (163 - 122) + 76?
-70
Evaluate (3 - (-6 + -3)) + 3 - (15 + (4 - 10)).
6
(-41 - (0 + -1)) + (32 - (-13 + (33 - -13)))
-41
What is the value of (-375 - -415) + (62 - (0 - 0))?
102
What is the value of -23 + (174 - -7) - 197?
-39
Evaluate -19 + (50 - 57 - 4).
-30
(3 - -2) + (-14 - (61 - 100))
30
What is 26 - (5 + -24 + 14) - (-3 - -1 - 2)?
35
Calculate 1 - -63 - (24 - 39 - -17 - 19).
81
Evaluate 34 - (21 + 27 + 18).
-32
What is the value of 115 - (23 + -23 + 33) - 33?
49
45 + (-4 - (10 - 1 - 34))
66
(-2 - -23 - 0) + (10 - (-5 + 15 + 1))
20
Evaluate 11 - (-43 + (-74 - -134)).
-6
What is 11 - -7 - (-9 - -49)?
-22
What is the value of (19 - 6) + (151 - 60)?
104
What is -38 + -7 + (0 - (-2 - (8 + 3)))?
-32
-4 + (-38 + -1 - -9) + (492 - 501)
-43
Calculate 77 + (-83 - -72 - (-3 - ((-6 - -3) + 8))).
74
What is (94 - 137 - (-6 + 2)) + -8?
-47
125 + -95 - (3 + 1 - 4)
30
Calculate 54 + -3 - (9 + 15) - (-6 + 3).
30
2 + 37 + -1 + (42 - 12) + -34 - 9
25
What is 15 + -1 - (-37 + 8 - (71 + -109)) - 15?
-10
-12 - ((-14 - 6) + 11)
-3
Calculate (-11 - (1 - 13) - -7 - 0) + -59 + -2.
-53
What is the value of -2 + -4 + (23 + -8 - -46)?
55
What is 2 + -77 + (29 - 0) + -9 - (-13 - 0)?
-42
Calculate 12 + -32 + 2 + (-194 - -215) + -13 + 1.
-9
Evaluate (1 - -9) + 0 + 14 + -292 + 285.
17
What is the value of -7044 + 7119 - (38 - 0)?
37
Calculate (14 - 20 - -1) + -10 + 23 - (-36 + -1).
45
Calculate (62 - 1) + -46 + 26 + 10.
51
What is the value of 4735 - 4831 - (1 + -60)?
-37
Evaluate 9 + 1 + -3 + 5 - (9 + 31).
-28
What is the value of 8 - 3 - 45 - (93 + -141)?
8
(-5 + -10 - (-70 - -41)) + -3
11
33 + (-11 - ((-59 - -52) + 5 + 6 + -4))
22
-3 + -2 + (5 - -5) - (26 - (9 + -5))
-17
What is the value of -3 + -76 - (44 - (27 + 0 + -6))?
-102
Calculate 49 + (130 - 317 - -116).
-22
-23 + 74 + (-114 - -26)
-37
What is the value of 1 - (-7 + 0) - (2 + 83 + -5)?
-72
-44 + 23 + 76 + -91
-36
-15 - (-5 - -2 - (306 + -303)) - 122
-131
What is 5 - -127 - (2147 - 1946)?
-69
Evaluate (-104 - (-31 - 41)) + 0 + -16 + -3.
-51
What is -3 + 4 - (-6 + -9) - (-13 + 18) - 6?
5
What is -2 - 7 - (5 + -63 + 9 + 15)?
25
Calculate -81 + 226 + -79 + 19.
85
Evaluate (-257 - -280 - (-29 - 2)) + -1.
53
What is the value of -111 - (-142 - -150) - (1 + -10)?
-110
Evaluate 1 + -10 + -1 + -14 + 20.
-4
Evaluate (-14 - -84 - -5) + -76.
-1
Calculate -196 - -147 - (-76 - (-5 + 4)).
26
What is (0 - -17) + -29 + 20 + (-34 - (-8 - -5))?
-23
65 - (-41 + -22 + 100)
28
What is -51 + 96 + (-34 - 22)?
-11
Evaluate (22 - (100 + -40) - 0) + -73.
-111
What is (-40 - (76 + -63)) + -1 + 25?
-29
Evaluate 87 + (145 - (82 - -99)).
51
Calculate 17 - -47 - 192 - -57.
-71
Evaluate 101 + (54 - 188) - -152.
119
-99 + 50 + -45 + 11 + -17 + 2 